greatest common divisor of z and 17?
17
Let z be (-3)/(18/(-24)) + 84. Calculate the greatest common factor of z and 8.
8
Suppose 2*w = -w + 120. Let f be (-1)/(w/(-12) + 3). Calculate the highest common factor of 3 and f.
3
Suppose -2*z + 7 = -9. Let g = -112 - -114. What is the greatest common divisor of g and z?
2
Let h be ((-6)/(-5))/3*-5. Let m = 5 - h. Let j be 6/15 - 383/(-5). What is the highest common divisor of m and j?
7
Let b be 20/3 - (-3)/9. Let d = b - 4. Suppose 3*s = d*j - 1 - 5, 0 = -4*j + s + 14. Calculate the greatest common factor of j and 6.
2
Suppose -5*d = -25, 3*d - 2*d + 567 = 4*q. Suppose 19 = c + 6. Calculate the highest common divisor of q and c.
13
Suppose 2*o - 2*y - 38 = -3*y, 8 = -4*y. Let x = 4 - -1. Calculate the highest common divisor of x and o.
5
Let o = 2 - -10. Suppose 3*q = -5*r + q + 32, -o = -r + q. What is the greatest common factor of 12 and r?
4
Let d be (-1)/((-40)/36 + 4 + -3). What is the greatest common factor of d and 6?
3
Suppose -3*s = 3, -4*f - 2*s + 3*s = -97. Calculate the highest common divisor of f and 264.
24
Let o = 302 + -132. Suppose 0*z = z - 2. Suppose -z*a = 2*b - 116, -3*b - 8*a + o = -3*a. Calculate the greatest common divisor of b and 24.
12
Let b be 2/(-11) - (1 - 134/11). Calculate the greatest common factor of 44 and b.
11
Let h(i) = i**2 + 10*i + 3. Let f be h(-10). Suppose -y + 2*a = -41, f*y - 2*a - 27 = 104. What is the greatest common factor of y and 5?
5
Suppose 4*t = -3*o - 40, -20 = 2*t - o - 0. Let v be 6*(-1)/(4/t). Calculate the highest common factor of v and 60.
15
Let a(q) = 2*q**2 - 2*q + 12. Let y be a(4). What is the highest common factor of y and 9?
9
Let t be 0 - (-3 + -4 + 4). Let h be -6*2/(2*-3). Suppose 434 = 5*a - v - 2*v, 0 = -h*a - t*v + 182. What is the greatest common factor of 22 and a?
22
Let j = -2 + 26. Let q(p) = 2*p - 5. Let h be q(4). What is the greatest common factor of h and j?
3
Let k(f) be the first derivative of -f**3/3 + 13*f**2/2 - 8*f - 5. Let j be k(9). Calculate the greatest common divisor of 224 and j.
28
Let a(b) = -b**3 - 4*b**2 + 3*b + 9. Let r be a(-6). What is the greatest common divisor of r and 18?
9
Let p be 115/2*8/10 - 0. What is the highest common divisor of p and 69?
23
Let c(z) = 2*z + 2. Let t be c(0). Calculate the greatest common factor of t and 4.
2
Let m(v) = -v**3 + 3*v**2 + 4*v + 3. Let j be m(4). Suppose -w - 13 = -l, 3*l = w + j*w + 43. Calculate the highest common divisor of l and 1.
1
Suppose -5*u + 35 + 50 = 0. Let n = u + -2. Let y(d) = d**3 + 3*d**2 - d. Let p be y(-3). What is the highest common factor of p and n?
3
Let c(x) = x**2 - x. Let o be (1/(-2))/(3/(-6)). Let s(f) = f + 1. Let g(i) = o*s(i) + 2*c(i). Let v be g(-2). Calculate the highest common factor of v and 1.
1
Suppose -4*w + 2*m + 38 = -106, 43 = w - 4*m. What is the greatest common factor of 5 and w?
5
Let x = 3 + 0. Suppose 3*k - 5*l = -8 + 72, k - x = -2*l. Let f be (39/2)/((-2)/(-12)). What is the highest common factor of k and f?
13
Suppose 6*k - 260 = 2*k. Let i be (-3)/((-6)/(-2)) + k. Calculate the highest common divisor of i and 16.
16
Let o be (-10 - -6)*6/(-8). Suppose 5*r = 20, -260 = -o*n - 2*n - 5*r. What is the highest common factor of 16 and n?
16
Suppose 0 = -3*t + 7 - 28. Let a(m) = m**3 + 7*m**2 - 8*m - 6. Let c be a(t). Calculate the highest common divisor of c and 125.
25
Let o(c) = 5*c**2 + 3*c - 2. Let x be o(2). Suppose 3*n = -0*n + 288. What is the highest common factor of x and n?
24
Let b(n) = n**2 - n. Let t be b(-1). Suppose -1 - 4 = -u. Calculate the highest common factor of u and t.
1
Suppose -2*r - 72 = -4*r. Suppose 0 = -z + 9 + r. Calculate the greatest common divisor of 9 and z.
9
Suppose 760 = 7*h - 2*h. Calculate the highest common divisor of 19 and h.
19
Suppose -2*c = -30 + 6. Suppose 5*f - 197 = -77. Calculate the greatest common factor of c and f.
12
Let a(j) = 13*j - 3. Let y be a(4). What is the highest common divisor of y and 7?
7
Let i(g) = g + 5. Let x be i(7). Let c = 349 - 217. Calculate the greatest common divisor of x and c.
12
Suppose 0 = 3*s + 3*s - 36. What is the greatest common divisor of 18 and s?
6
Let h = 0 - -8. What is the greatest common factor of h and 1?
1
Let s = 1 + -1. Let g(t) = 3*t**2 - 1 + s*t**2 + 2 + 1. Let n be g(-2). What is the highest common divisor of n and 126?
14
Suppose 4*d - 630 = -d. What is the greatest common factor of d and 18?
18
Let c = 82 + 23. Calculate the highest common factor of 35 and c.
35
Suppose -4*z = -11 - 17. Suppose z = -x + 304. Calculate the greatest common divisor of x and 27.
27
Suppose 0 = -3*y + 39 + 39. Calculate the highest common divisor of 26 and y.
26
Let j(p) = p**2 - 9*p + 6. Let t be j(10). Suppose -k = -t + 4. Calculate the greatest common divisor of 84 and k.
12
Suppose 5*f = 2*g - 3*g, 4*g = 0. Suppose -v - 3*v + 4 = f. Calculate the highest common factor of 7 and v.
1
Let d(c) = -c**3 + 2*c**2 + 11*c - 4. Let p be d(-3). What is the highest common factor of p and 36?
4
Suppose -8*t + 3*t - 20 = 0. Let k be t/(-12) - 46/(-6). Suppose 2*w - k = 4. What is the greatest common factor of 4 and w?
2
Suppose -2*y + 0 + 108 = 0. Let z be 2/4*(-37 - 1). Let g be (1 + z)*(-4 - -3). Calculate the greatest common divisor of y and g.
18
Let a be (3 - ((-15)/(-6) - 1))*6. What is the greatest common divisor of 27 and a?
9
Let j be 12 - (2 + -2)*1. Let b = 9 + -6. Let d be 2 + -3 + 1 + b. What is the greatest common factor of d and j?
3
Suppose -2*s = -0*s. Suppose 2*z = 4*f + z, f - z + 3 = s. Let w(i) = 9*i. Let g be w(f). What is the greatest common divisor of 1 and g?
1
Let a = -29 + 51. Suppose 16 = -2*h + 82. Calculate the highest common divisor of a and h.
11
Suppose 12*n - 420 = 7*n. Calculate the greatest common divisor of 12 and n.
12
Suppose j + 4*y = 9 + 17, 5*j - 5*y = 105. Let l(d) = 2*d**2 - 4*d + 3. Let u be l(5). What is the greatest common divisor of u and j?
11
Let l(s) = s. Suppose 2*c = 2*k - 24, -c = 4*k - 26 - 7. Let b be l(k). Calculate the greatest common factor of b and 1.
1
Let q(n) = -3*n - 9. Let f be 3/(3/(-2)*-1). Let x = -7 - f. Let m be q(x). Calculate the greatest common divisor of 12 and m.
6
Suppose 2*s = -g + 77, -2*s + 3*g + 13 + 76 = 0. Calculate the highest common factor of s and 10.
10
Suppose -82 = -2*i - 8. Suppose 0 = 4*g - 5*j - 84, 2*g + 4*j - i = 31. Calculate the highest common factor of g and 65.
13
Let g = -5 + 2. Let t be (-8 + g)*-10 + 0. What is the greatest common divisor of 10 and t?
10
Let i be ((-1)/(-3))/(2/18). Suppose 3*n + i = 207. Suppose y - 19 = -5*s + 4*s, -3*y - 11 = -s. What is the highest common divisor of n and s?
17
Let y(n) = -n**2 - n + 55. Let k be y(0). Let d = k + -37. Suppose -d - 27 = -3*q. Calculate the highest common factor of q and 10.
5
Let v be 68/10*(-15)/(-6). Calculate the greatest common factor of v and 136.
17
Let w = 31 + -24. What is the highest common divisor of w and 49?
7
Let u be ((-96)/(-30))/(1/5). Suppose 5*t = u + 24. What is the highest common factor of 4 and t?
4
Suppose 4*o - 3*o - 17 = 0. Suppose -77 = -3*l - l - 5*c, c + o = l. What is the highest common factor of l and 90?
18
Let x = 18 + -3. Calculate the highest common divisor of 75 and x.
15
Let i be (36/(-8))/((-3)/6). Calculate the greatest common factor of i and 72.
9
Let l = 41 + -29. Let c = -22 - -45. Let k = c - 11. What is the greatest common factor of l and k?
12
Suppose 3*m - 5*m + 5*c + 399 = 0, -3*m - c = -607. Suppose -4*f = -u - u - m, 5*u = -4*f + 167. What is the greatest common factor of f and 6?
6
Suppose -h + 25 = -14. Suppose 0 = 4*l - 44 - 60. What is the highest common factor of l and h?
13
Let x(q) = -5 - 6*q - 4*q + 0*q. Let k be x(-7). What is the greatest common factor of k and 26?
13
Suppose -5*n - 760 = -13*n. Calculate the greatest common divisor of 19 and n.
19
Let o = -13 - -2. Let j = o - -28. Suppose -13*l + 8*l = -255. What is the greatest common factor of j and l?
17
Suppose 0 = -4*x - 4*p + 28, -3*x = 4*p - 13 - 6. Let g = 143 + -116. Calculate the highest common divisor of x and g.
9
Suppose 0*n + 252 = -2*n. Let m = -90 - n. Suppose 2*l = -4 + 12. What is the greatest common factor of l and m?
4
Suppose 4*a + 78 = 386. Suppose -75 - a = -4*k